{"id":416,"date":"2025-10-15T17:30:23","date_gmt":"2025-10-15T22:30:23","guid":{"rendered":"https:\/\/eshoy.pe\/pormas\/?page_id=416"},"modified":"2026-03-26T09:50:09","modified_gmt":"2026-03-26T14:50:09","slug":"pagina-de-inicio-2","status":"publish","type":"page","link":"https:\/\/eshoy.pe\/pormas\/","title":{"rendered":"P\u00e1gina de inicio"},"content":{"rendered":"<div class=\"lazyblock-seccion-imagen-derecha-Z2v9ffS alignfull alignfull  wp-block-lazyblock-seccion-imagen-derecha\" id=\"programa\"><section class=\"position-relative  bg-white text- sider_section pageContent d-flex flex-wrap align-items-center rtl\">\n  <div class=\"container\">\n\t\t<div class=\"row\">\n\t\t\t<div class=\"col-12 col-xl-6 order-xl-2 offset-xl-1 ps-xl-0\">\n\t\t\t\t<figure class=\"mb-0 sider_image position-relative\">\n\t\t\t\t  <img decoding=\"async\" width=\"1200\" height=\"1200\" src=\"https:\/\/eshoy.pe\/pormas\/wp-content\/uploads\/sites\/9\/2024\/09\/pormas_image-1.jpg\" class=\"img-fit\" alt=\"\" loading=\"lazy\" srcset=\"https:\/\/eshoy.pe\/pormas\/wp-content\/uploads\/sites\/9\/2024\/09\/pormas_image-1.jpg 1200w, https:\/\/eshoy.pe\/pormas\/wp-content\/uploads\/sites\/9\/2024\/09\/pormas_image-1-960x960.jpg 960w, https:\/\/eshoy.pe\/pormas\/wp-content\/uploads\/sites\/9\/2024\/09\/pormas_image-1-200x200.jpg 200w, https:\/\/eshoy.pe\/pormas\/wp-content\/uploads\/sites\/9\/2024\/09\/pormas_image-1-768x768.jpg 768w, https:\/\/eshoy.pe\/pormas\/wp-content\/uploads\/sites\/9\/2024\/09\/pormas_image-1-540x540.jpg 540w, https:\/\/eshoy.pe\/pormas\/wp-content\/uploads\/sites\/9\/2024\/09\/pormas_image-1-220x220.jpg 220w, https:\/\/eshoy.pe\/pormas\/wp-content\/uploads\/sites\/9\/2024\/09\/pormas_image-1-95x95.jpg 95w\" sizes=\"auto, (max-width: 1200px) 100vw, 1200px\" \/>\t\t\t\t<\/figure>\n\t\t\t<\/div>\n\t\t\t<div class=\"col-12 col-xl-5 order-xl-1 position-relative d-flex flex-wrap align-items-center sider_content_wrapper\">\n\t\t\t\t<div class=\"sider_content py\" data-aos=\"fade-up\" data-aos-duration=\"800\">\n\t\t\t\t  <div class=\"lazyblock-inner-blocks\">\n\n<figure class=\"wp-block-image size-large\"><img loading=\"lazy\" decoding=\"async\" width=\"121\" height=\"54\" src=\"https:\/\/eshoy.pe\/pormas\/wp-content\/uploads\/sites\/9\/2024\/09\/icon_x-rojo.svg\" alt=\"\" class=\"wp-image-116\" \/><\/figure>\n\n\n\n<h2 class=\"wp-block-heading font-family-druk h4 mb-4\">Sobre Por M\u00e1s<\/h2>\n\n\n\n<p class=\"font-family-faktum\">Por M\u00e1s es el programa, financiado por BID Lab y la Cooperaci\u00f3n Econ\u00f3mica de Suiza, que promueve el uso del mecanismo de Pago por Resultados (PxR) en proyectos con impacto social y ambiental. Adem\u00e1s, busca generar un ecosistema que alinee recursos y escale soluciones a trav\u00e9s del dise\u00f1o de pilotos, desarrollo de capacidades y generaci\u00f3n de evidencia.<\/p>\n\n\n\n<div class=\"wp-block-buttons mt-4 is-layout-flex wp-block-buttons-is-layout-flex\">\n<div class=\"wp-block-button is-style-square\"><a class=\"wp-block-button__link wp-element-button\" href=\"https:\/\/eshoy.pe\/pormas\/pago-por-resultados\/\">Conoce m\u00e1s<\/a><\/div>\n<\/div>\n\n<\/div>\n\t\t\t\t<\/div>\n\t\t\t<\/div>\n\t\t<\/div>\n\t<\/div>\n<\/section><\/div>\n\n<div class=\"lazyblock-seccion-imagen-lateral-Z2fC2PQ alignfull alignfull  wp-block-lazyblock-seccion-imagen-lateral\"><section class=\"position-relative  bg- text- sider_section pageContent d-flex flex-wrap align-items-center\">\n  <div class=\"container\">\n\t\t<div class=\"row\">\n\t\t\t<div class=\"col-12 col-xl-6 pe-xl-0\">\n\t\t\t\t<figure class=\"mb-0 sider_image position-relative\">\n\t\t\t\t  <img decoding=\"async\" width=\"1446\" height=\"964\" src=\"https:\/\/eshoy.pe\/pormas\/wp-content\/uploads\/sites\/9\/2025\/06\/imagen-fondo-pormas-1446x964.jpg\" class=\"img-fit\" alt=\"\" loading=\"lazy\" srcset=\"https:\/\/eshoy.pe\/pormas\/wp-content\/uploads\/sites\/9\/2025\/06\/imagen-fondo-pormas-1446x964.jpg 1446w, https:\/\/eshoy.pe\/pormas\/wp-content\/uploads\/sites\/9\/2025\/06\/imagen-fondo-pormas-960x640.jpg 960w, https:\/\/eshoy.pe\/pormas\/wp-content\/uploads\/sites\/9\/2025\/06\/imagen-fondo-pormas-768x512.jpg 768w, https:\/\/eshoy.pe\/pormas\/wp-content\/uploads\/sites\/9\/2025\/06\/imagen-fondo-pormas-1536x1024.jpg 1536w, https:\/\/eshoy.pe\/pormas\/wp-content\/uploads\/sites\/9\/2025\/06\/imagen-fondo-pormas-143x95.jpg 143w, https:\/\/eshoy.pe\/pormas\/wp-content\/uploads\/sites\/9\/2025\/06\/imagen-fondo-pormas.jpg 1920w\" sizes=\"auto, (max-width: 1446px) 100vw, 1446px\" \/>\t\t\t\t<\/figure>\n\t\t\t<\/div>\n\t\t\t<div class=\"col-12 col-xl-5 offset-xl-1 position-relative d-flex flex-wrap align-items-center sider_content_wrapper\">\n\t\t\t\t<div class=\"sider_content py\" data-aos=\"fade-up\" data-aos-duration=\"800\">\n\t\t\t\t  <div class=\"lazyblock-inner-blocks\">\n\n<figure class=\"wp-block-image size-full is-resized mb-5\"><img loading=\"lazy\" decoding=\"async\" width=\"540\" height=\"93\" src=\"https:\/\/eshoy.pe\/pormas\/wp-content\/uploads\/sites\/9\/2025\/06\/logoazul_Mesa-de-trabajo-1.png\" alt=\"\" class=\"wp-image-403\" style=\"width:320px\" srcset=\"https:\/\/eshoy.pe\/pormas\/wp-content\/uploads\/sites\/9\/2025\/06\/logoazul_Mesa-de-trabajo-1.png 540w, https:\/\/eshoy.pe\/pormas\/wp-content\/uploads\/sites\/9\/2025\/06\/logoazul_Mesa-de-trabajo-1-200x34.png 200w\" sizes=\"auto, (max-width: 540px) 100vw, 540px\" \/><\/figure>\n\n\n\n<p class=\"font-family-faktum\">ElevaTech es el primer programa en habilidades digitales avanzadas desarrollado bajo el mecanismo de Pago por Resultados en Per\u00fa.<\/p>\n\n\n\n<p class=\"font-family-faktum\">Sus resultados esperados en materia de empleo son:<\/p>\n\n\n\n<div class=\"row align-items-center gx-3 mb-3\">\n<div class=\"col-auto\">\n<figure class=\"wp-block-image size-large mb-0\"><img loading=\"lazy\" decoding=\"async\" width=\"93\" height=\"83\" src=\"https:\/\/eshoy.pe\/pormas\/wp-content\/uploads\/sites\/9\/2025\/10\/nro_01.svg\" alt=\"\" class=\"wp-image-425\" \/><\/figure>\n<\/div>\n\n\n\n<div class=\"col\">\n<p class=\"font-family-faktum\"><strong>Incrementar la inserci\u00f3n laboral de los graduados del programa<\/strong><\/p>\n<\/div>\n<\/div>\n\n\n\n<div class=\"row align-items-center gx-3 mb-3\">\n<div class=\"col-auto\">\n<figure class=\"wp-block-image size-large mb-0\"><img loading=\"lazy\" decoding=\"async\" width=\"93\" height=\"86\" src=\"https:\/\/eshoy.pe\/pormas\/wp-content\/uploads\/sites\/9\/2025\/10\/nro_02.svg\" alt=\"\" class=\"wp-image-426\" \/><\/figure>\n<\/div>\n\n\n\n<div class=\"col\">\n<p class=\"font-family-faktum\"><strong>Mejorar su permanencia en el empleo<\/strong><\/p>\n<\/div>\n<\/div>\n\n\n\n<div class=\"row align-items-center gx-3 mb-4\">\n<div class=\"col-auto\">\n<figure class=\"wp-block-image size-large mb-0\"><img loading=\"lazy\" decoding=\"async\" width=\"93\" height=\"83\" src=\"https:\/\/eshoy.pe\/pormas\/wp-content\/uploads\/sites\/9\/2025\/10\/nro_03.svg\" alt=\"\" class=\"wp-image-427\" \/><\/figure>\n<\/div>\n\n\n\n<div class=\"col\">\n<p class=\"font-family-faktum\"><strong>Incrementar la participaci\u00f3n de mujeres en empleos vinculados con habilidades digitales avanzadas y tecnolog\u00eda<\/strong><\/p>\n<\/div>\n<\/div>\n\n\n\n<div class=\"wp-block-buttons d-none is-layout-flex wp-block-buttons-is-layout-flex\">\n<div class=\"wp-block-button is-style-square\"><a class=\"wp-block-button__link wp-element-button\" href=\"https:\/\/eshoy.pe\/pormas\/iniciativas\/\">Conoce nuestras iniciativas<\/a><\/div>\n<\/div>\n\n<\/div>\n\t\t\t\t<\/div>\n\t\t\t<\/div>\n\t\t<\/div>\n\t<\/div>\n<\/section><\/div>\n\n<div class=\"lazyblock-seccion-imagen-derecha-BYrfp alignfull alignfull  wp-block-lazyblock-seccion-imagen-derecha\" id=\"programa\"><section class=\"position-relative  bg-white text- sider_section pageContent d-flex flex-wrap align-items-center rtl\">\n  <div class=\"container\">\n\t\t<div class=\"row\">\n\t\t\t<div class=\"col-12 col-xl-6 order-xl-2 offset-xl-1 ps-xl-0\">\n\t\t\t\t<figure class=\"mb-0 sider_image position-relative\">\n\t\t\t\t  <img decoding=\"async\" width=\"1200\" height=\"1200\" src=\"https:\/\/eshoy.pe\/pormas\/wp-content\/uploads\/sites\/9\/2025\/10\/pormas_landing-conocimiento.jpg\" class=\"img-fit\" alt=\"\" loading=\"lazy\" srcset=\"https:\/\/eshoy.pe\/pormas\/wp-content\/uploads\/sites\/9\/2025\/10\/pormas_landing-conocimiento.jpg 1200w, https:\/\/eshoy.pe\/pormas\/wp-content\/uploads\/sites\/9\/2025\/10\/pormas_landing-conocimiento-960x960.jpg 960w, https:\/\/eshoy.pe\/pormas\/wp-content\/uploads\/sites\/9\/2025\/10\/pormas_landing-conocimiento-200x200.jpg 200w, https:\/\/eshoy.pe\/pormas\/wp-content\/uploads\/sites\/9\/2025\/10\/pormas_landing-conocimiento-768x768.jpg 768w, https:\/\/eshoy.pe\/pormas\/wp-content\/uploads\/sites\/9\/2025\/10\/pormas_landing-conocimiento-540x540.jpg 540w, https:\/\/eshoy.pe\/pormas\/wp-content\/uploads\/sites\/9\/2025\/10\/pormas_landing-conocimiento-220x220.jpg 220w, https:\/\/eshoy.pe\/pormas\/wp-content\/uploads\/sites\/9\/2025\/10\/pormas_landing-conocimiento-95x95.jpg 95w\" sizes=\"auto, (max-width: 1200px) 100vw, 1200px\" \/>\t\t\t\t<\/figure>\n\t\t\t<\/div>\n\t\t\t<div class=\"col-12 col-xl-5 order-xl-1 position-relative d-flex flex-wrap align-items-center sider_content_wrapper\">\n\t\t\t\t<div class=\"sider_content py\" data-aos=\"fade-up\" data-aos-duration=\"800\">\n\t\t\t\t  <div class=\"lazyblock-inner-blocks\">\n\n<h2 class=\"wp-block-heading font-family-druk h4 mb-4\">Conocimiento y oportunidades<\/h2>\n\n\n\n<p class=\"font-family-faktum\">Accede a estudios, herramientas y experiencias que fortalecen el ecosistema Pago por Resultados. Aprende, colabora y descubre nuevas posibilidades de mecanismos de innovaci\u00f3n financiera.<\/p>\n\n\n\n<p class=\"font-family-faktum mb-4\">Adem\u00e1s, a trav\u00e9s de nuestras convocatorias, conoce c\u00f3mo colaborar con nosotros y otros actores clave del ecosistema.<\/p>\n\n\n\n<div class=\"wp-block-buttons mt-4 is-layout-flex wp-block-buttons-is-layout-flex\">\n<div class=\"wp-block-button is-style-square\"><a class=\"wp-block-button__link wp-element-button\" href=\"https:\/\/eshoy.pe\/pormas\/conocimiento\/\">Descubre m\u00e1s aqu\u00ed<\/a><\/div>\n<\/div>\n\n<\/div>\n\t\t\t\t<\/div>\n\t\t\t<\/div>\n\t\t<\/div>\n\t<\/div>\n<\/section><\/div>\n\n<div class=\"lazyblock-seccion-video-BvPk6 alignfull alignfull  wp-block-lazyblock-seccion-video\"><section class=\"position-relative sider_section pageContent  bg-\">\n  <div class=\"container\">\n\t\t<div class=\"row\">\n\t\t\t<div class=\"col-12 col-xl-6 pe-xl-0\">\n\t\t\t\t<figure class=\"mb-0 sider_image position-relative\">\n\t\t\t\t  <video loop autoplay muted>\n          <source src=\"https:\/\/eshoy.pe\/pormas\/wp-content\/uploads\/sites\/9\/2026\/01\/Resumen-home.mp4\" type=\"video\/mp4\">\n          <\/video>\n\t\t\t\t<\/figure>\n\t\t\t<\/div>\n\t\t\t<div class=\"col-12 col-xl-5 offset-xl-1 position-relative d-flex flex-wrap align-items-center sider_content_wrapper\">\n\t\t\t\t<div class=\"sider_content py\" data-aos=\"fade-up\" data-aos-duration=\"800\">\n\t\t\t\t  <div class=\"lazyblock-inner-blocks\">\n\n<h2 class=\"wp-block-heading font-family-druk h4 mb-4\">Voces del Ecosistema<\/h2>\n\n\n\n<p class=\"font-family-faktum mb-4\">Descubre todo sobre el ecosistema de Pago por Resultados de la mano de sus actores clave.<\/p>\n\n\n\n<div class=\"wp-block-buttons is-layout-flex wp-block-buttons-is-layout-flex\">\n<div class=\"wp-block-button is-style-square\"><a class=\"wp-block-button__link wp-element-button\" href=\"https:\/\/eshoy.pe\/pormas\/videoteca\/\">Explorar videoteca<\/a><\/div>\n<\/div>\n\n<\/div>\n\t\t\t\t<\/div>\n\t\t\t<\/div>\n\t\t<\/div>\n\t<\/div>\n<\/section><\/div>\n\n<div class=\"lazyblock-seccion-Z1qaJYM alignfull alignfull  wp-block-lazyblock-seccion\" id=\"sumate\"><section class=\"block_section position-relative py bg- text-\">\n    <figure class=\"mb-0 block_image\">\n    <img loading=\"lazy\" decoding=\"async\" width=\"1720\" height=\"950\" src=\"https:\/\/eshoy.pe\/pormas\/wp-content\/uploads\/sites\/9\/2025\/03\/IMG_1435-e1741369252278-1720x950.jpg\" class=\"img-fit\" alt=\"\" \/>  <\/figure>\n    <div class=\"container position-relative\">\n\t\t<div class=\"row\" data-aos=\"fade-up\" data-aos-duration=\"600\">\n\t\t  <div class=\"col-12\">\n\t\t    <div class=\"lazyblock-inner-blocks\">\n\n<div class=\"row justify-content-center\">\n<div class=\"col-lg-8 col-xl-6\">\n<div class=\"wp-block-group has-white-background-color has-background px-3 px-sm-4 px-xl-5 py-5 position-relative\"><div class=\"wp-block-group__inner-container is-layout-constrained wp-block-group-is-layout-constrained\"><div class=\"wp-block-image pormas_image_form\">\n<figure class=\"aligncenter size-large mb-0\"><img loading=\"lazy\" decoding=\"async\" width=\"121\" height=\"54\" src=\"http:\/\/eshoy.pe\/pormas\/wp-content\/uploads\/sites\/9\/2024\/09\/icon_x-rojo.svg\" alt=\"\" class=\"wp-image-116\" \/><\/figure>\n<\/div>\n\n\n<h4 class=\"wp-block-heading has-text-align-center font-family-faktum\"><strong>\u00bfTienes una propuesta, duda o inter\u00e9s en colaborar?<\/strong><\/h4>\n\n\n\n<p class=\"has-text-align-center font-family-faktum mb-5\">Env\u00edanos un mensaje y nos pondremos en contacto.<\/p>\n\n\n\n<div class=\"wpcf7 no-js\" id=\"wpcf7-f169-o1\" lang=\"es-ES\" dir=\"ltr\" data-wpcf7-id=\"169\">\n<div class=\"screen-reader-response\"><p role=\"status\" aria-live=\"polite\" aria-atomic=\"true\"><\/p> <ul><\/ul><\/div>\n<form action=\"\/pormas\/wp-json\/wp\/v2\/pages\/416#wpcf7-f169-o1\" method=\"post\" class=\"wpcf7-form init\" aria-label=\"Formulario de contacto\" novalidate=\"novalidate\" data-status=\"init\">\n<fieldset class=\"hidden-fields-container\"><input type=\"hidden\" name=\"_wpcf7\" value=\"169\" \/><input type=\"hidden\" name=\"_wpcf7_version\" value=\"6.1.5\" \/><input type=\"hidden\" name=\"_wpcf7_locale\" value=\"es_ES\" \/><input type=\"hidden\" name=\"_wpcf7_unit_tag\" value=\"wpcf7-f169-o1\" \/><input type=\"hidden\" name=\"_wpcf7_container_post\" value=\"0\" \/><input type=\"hidden\" name=\"_wpcf7_posted_data_hash\" value=\"\" \/>\n<\/fieldset>\n<div class=\"mb-3\">\n\t<p><label class=\"font-family-faktum\" for=\"nombre\">Nombre(s) y apellidos*<\/label><br \/>\n<span class=\"wpcf7-form-control-wrap\" data-name=\"nombre\"><input size=\"40\" maxlength=\"400\" class=\"wpcf7-form-control wpcf7-text wpcf7-validates-as-required form-control\" id=\"nombre\" aria-required=\"true\" aria-invalid=\"false\" value=\"\" type=\"text\" name=\"nombre\" \/><\/span>\n\t<\/p>\n<\/div>\n<div class=\"mb-3\">\n\t<p><label class=\"font-family-faktum\" for=\"organizacion\">Organizaci\u00f3n a la que pertenece*<\/label><br \/>\n<span class=\"wpcf7-form-control-wrap\" data-name=\"organizacion\"><input size=\"40\" maxlength=\"400\" class=\"wpcf7-form-control wpcf7-text wpcf7-validates-as-required form-control\" id=\"organizacion\" aria-required=\"true\" aria-invalid=\"false\" value=\"\" type=\"text\" name=\"organizacion\" \/><\/span>\n\t<\/p>\n<\/div>\n<div class=\"mb-3\">\n\t<p><label class=\"font-family-faktum\" for=\"cargo\">Cargo*<\/label><br \/>\n<span class=\"wpcf7-form-control-wrap\" data-name=\"cargo\"><input size=\"40\" maxlength=\"400\" class=\"wpcf7-form-control wpcf7-text wpcf7-validates-as-required form-control\" id=\"cargo\" aria-required=\"true\" aria-invalid=\"false\" value=\"\" type=\"text\" name=\"cargo\" \/><\/span>\n\t<\/p>\n<\/div>\n<div class=\"mb-3\">\n\t<p><label class=\"font-family-faktum\" for=\"correo\">Correo electr\u00f3nico de contacto*<\/label><br \/>\n<span class=\"wpcf7-form-control-wrap\" data-name=\"correo\"><input size=\"40\" maxlength=\"400\" class=\"wpcf7-form-control wpcf7-email wpcf7-validates-as-required wpcf7-text wpcf7-validates-as-email form-control\" id=\"correo\" aria-required=\"true\" aria-invalid=\"false\" value=\"\" type=\"email\" name=\"correo\" \/><\/span>\n\t<\/p>\n<\/div>\n<div class=\"mb-3\">\n\t<p><label class=\"font-family-faktum\" for=\"telefono\">Tel\u00e9fono*<\/label><br \/>\n<span class=\"wpcf7-form-control-wrap\" data-name=\"telefono\"><input size=\"40\" maxlength=\"400\" class=\"wpcf7-form-control wpcf7-tel wpcf7-validates-as-required wpcf7-text wpcf7-validates-as-tel form-control\" id=\"telefono\" aria-required=\"true\" aria-invalid=\"false\" value=\"\" type=\"tel\" name=\"telefono\" \/><\/span>\n\t<\/p>\n<\/div>\n<div class=\"mb-3\">\n\t<p><label class=\"font-family-faktum\" for=\"mensaje\">Mensaje*<\/label><br \/>\n<span class=\"wpcf7-form-control-wrap\" data-name=\"mensaje\"><textarea cols=\"40\" rows=\"3\" maxlength=\"2000\" class=\"wpcf7-form-control wpcf7-textarea wpcf7-validates-as-required form-control\" id=\"mensaje\" aria-required=\"true\" aria-invalid=\"false\" name=\"mensaje\"><\/textarea><\/span>\n\t<\/p>\n<\/div>\n<div class=\"row justify-content-center\">\n\t<div class=\"col-12 col-lg-5 position-relative\">\n\t\t<p><input class=\"wpcf7-form-control wpcf7-submit has-spinner btn btn-rojo-pormas btn-square w-100\" type=\"submit\" value=\"Enviar\" \/>\n\t\t<\/p>\n\t<\/div>\n<\/div><div class=\"wpcf7-response-output\" aria-hidden=\"true\"><\/div>\n<\/form>\n<\/div>\n\n<\/div><\/div>\n<\/div>\n<\/div>\n\n<\/div>\n\t\t  <\/div>\n\t\t<\/div>\n\t<\/div>\n<\/section><\/div>","protected":false},"excerpt":{"rendered":"","protected":false},"author":1,"featured_media":0,"parent":0,"menu_order":0,"comment_status":"closed","ping_status":"closed","template":"page-template-frente.php","meta":{"footnotes":""},"class_list":["post-416","page","type-page","status-publish","hentry"],"acf":[],"_links":{"self":[{"href":"https:\/\/eshoy.pe\/pormas\/wp-json\/wp\/v2\/pages\/416","targetHints":{"allow":["GET"]}}],"collection":[{"href":"https:\/\/eshoy.pe\/pormas\/wp-json\/wp\/v2\/pages"}],"about":[{"href":"https:\/\/eshoy.pe\/pormas\/wp-json\/wp\/v2\/types\/page"}],"author":[{"embeddable":true,"href":"https:\/\/eshoy.pe\/pormas\/wp-json\/wp\/v2\/users\/1"}],"replies":[{"embeddable":true,"href":"https:\/\/eshoy.pe\/pormas\/wp-json\/wp\/v2\/comments?post=416"}],"version-history":[{"count":10,"href":"https:\/\/eshoy.pe\/pormas\/wp-json\/wp\/v2\/pages\/416\/revisions"}],"predecessor-version":[{"id":700,"href":"https:\/\/eshoy.pe\/pormas\/wp-json\/wp\/v2\/pages\/416\/revisions\/700"}],"wp:attachment":[{"href":"https:\/\/eshoy.pe\/pormas\/wp-json\/wp\/v2\/media?parent=416"}],"curies":[{"name":"wp","href":"https:\/\/api.w.org\/{rel}","templated":true}]}}