{"id":694,"date":"2023-07-24T15:45:36","date_gmt":"2023-07-24T20:45:36","guid":{"rendered":"https:\/\/eshoy.pe\/ruralia\/?page_id=694"},"modified":"2023-08-01T15:51:53","modified_gmt":"2023-08-01T20:51:53","slug":"reto-ruralia-2022","status":"publish","type":"page","link":"https:\/\/eshoy.pe\/ruralia\/reto-ruralia-2022\/","title":{"rendered":"Reto Ruralia 2022"},"content":{"rendered":"<div class=\"lazyblock-seccion-imagen-derecha-Z1S9rzn alignfull alignfull  wp-block-lazyblock-seccion-imagen-derecha\"><section class=\"position-relative bg-light text- sider_section pageContent d-flex flex-wrap align-items-center rtl\">\n  <div class=\"container\">\n\t\t<div class=\"row\">\n\t\t\t<div class=\"col-12 col-xl-6 order-xl-2 offset-xl-1 ps-xl-0\">\n\t\t\t\t<figure class=\"mb-0 sider_image position-relative\">\n\t\t\t\t  <img decoding=\"async\" width=\"1446\" height=\"964\" src=\"https:\/\/eshoy.pe\/ruralia\/wp-content\/uploads\/sites\/2\/2023\/07\/IMG_5113-1446x964.jpg\" class=\"img-fit\" alt=\"\" loading=\"lazy\" srcset=\"https:\/\/eshoy.pe\/ruralia\/wp-content\/uploads\/sites\/2\/2023\/07\/IMG_5113-1446x964.jpg 1446w, https:\/\/eshoy.pe\/ruralia\/wp-content\/uploads\/sites\/2\/2023\/07\/IMG_5113-960x640.jpg 960w, https:\/\/eshoy.pe\/ruralia\/wp-content\/uploads\/sites\/2\/2023\/07\/IMG_5113-768x512.jpg 768w, https:\/\/eshoy.pe\/ruralia\/wp-content\/uploads\/sites\/2\/2023\/07\/IMG_5113-1536x1024.jpg 1536w, https:\/\/eshoy.pe\/ruralia\/wp-content\/uploads\/sites\/2\/2023\/07\/IMG_5113-2048x1365.jpg 2048w, https:\/\/eshoy.pe\/ruralia\/wp-content\/uploads\/sites\/2\/2023\/07\/IMG_5113-143x95.jpg 143w\" sizes=\"auto, (max-width: 1446px) 100vw, 1446px\" \/>\t\t\t\t  \t\t\t\t<\/figure>\n\t\t\t<\/div>\n\t\t\t<div class=\"col-12 col-xl-5 order-xl-1 position-relative d-flex flex-wrap align-items-center sider_content_wrapper\">\n\t\t\t\t<div class=\"sider_content py\" data-aos=\"fade-up\" data-aos-duration=\"800\">\n\t\t\t\t  <div class=\"lazyblock-inner-blocks\">\n\n<h3 class=\"wp-block-heading\"><strong>\u00bfEn qu\u00e9 consisti\u00f3 el #RR22?<\/strong><\/h3>\n\n\n\n<p>La convocatoria al Reto Ruralia 2022 tuvo un total de 130 postulaciones provenientes de todas las regiones del pa\u00eds, de los cuales se eligieron a los 10 finalistas.&nbsp;<\/p>\n\n\n\n<p>Luego de un arduo proceso de evaluaci\u00f3n, fueron 2 las iniciativas que lograron culminar el Programa Acelera Ruralia y accedieron al fondo monetario.<\/p>\n\n<\/div>\n\t\t\t\t<\/div>\n\t\t\t<\/div>\n\t\t<\/div>\n\t<\/div>\n<\/section><\/div>\n\n<div class=\"lazyblock-seccion-video-izquierda-1QRh6M alignfull alignfull  wp-block-lazyblock-seccion-video-izquierda\"><section class=\"position-relative bg-beige text-black sider_section pageContent d-flex flex-wrap align-items-center\">\n\t<div class=\"container\">\n\t\t<div class=\"row\">\n\t\t\t<div class=\"col-12 col-xl-6 pe-xl-0\">\n\t\t\t\t<figure class=\"mb-0 sider_image position-relative\">\n\t\t\t\t\t\t\t\t\t\t<a href=\"#\" class=\"btn_video\" data-bs-toggle=\"modal\" data-bs-target=\"#modalVideo\" data-element=\"https:\/\/www.youtube.com\/embed\/zZEHOAk0S50?si=J-L6bufWeoS9LjPx\">\n\t\t\t\t\t\t<img decoding=\"async\" width=\"718\" height=\"712\" src=\"https:\/\/eshoy.pe\/ruralia\/wp-content\/uploads\/sites\/2\/2023\/01\/Captura-de-Pantalla-2023-01-23-a-las-13.40.28-2.png\" class=\"img-fit\" alt=\"\" loading=\"lazy\" srcset=\"https:\/\/eshoy.pe\/ruralia\/wp-content\/uploads\/sites\/2\/2023\/01\/Captura-de-Pantalla-2023-01-23-a-las-13.40.28-2.png 718w, https:\/\/eshoy.pe\/ruralia\/wp-content\/uploads\/sites\/2\/2023\/01\/Captura-de-Pantalla-2023-01-23-a-las-13.40.28-2-96x95.png 96w\" sizes=\"auto, (max-width: 718px) 100vw, 718px\" \/>\t\t\t\t\t<\/a>\n\t\t\t\t<\/figure>\n\t\t\t<\/div>\n\t\t\t<div class=\"col-12 col-xl-5 offset-xl-1 position-relative d-flex flex-wrap align-items-center sider_content_wrapper\">\n\t\t\t\t<div class=\"sider_content py\" data-aos=\"fade-up\" data-aos-duration=\"800\">\n\t\t\t\t\t<div class=\"lazyblock-inner-blocks\">\n\n<h3 class=\"wp-block-heading\"><strong>Programa Acelera Ruralia<\/strong><\/h3>\n\n\n\n<h4 class=\"wp-block-heading\"><strong>\u00bfEn qu\u00e9 consiste el programa Acelera Ruralia?<\/strong><\/h4>\n\n\n\n<p>Programa de aceleraci\u00f3n dirigido a intervenciones que transforman la educaci\u00f3n en zonas rurales. Su objetivo es contribuir al escalamiento e impacto de las intervenciones.&nbsp;<\/p>\n\n\n\n<p>Para ello, Acelera Ruralia consta de un programa intensivo de inyecci\u00f3n de capacidades que incluye talleres, mentor\u00edas y asesor\u00edas especializadas, as\u00ed como un fondo monetario no retornable para el escalamiento de las intervenciones<\/p>\n\n<\/div>\n\t\t\t\t<\/div>\n\t\t\t<\/div>\n\t\t<\/div>\n\t<\/div>\n<\/section><\/div>\n\n<div class=\"lazyblock-seccion-imagen-derecha-1fQqQe alignfull alignfull  wp-block-lazyblock-seccion-imagen-derecha\"><section class=\"position-relative bg-light text- sider_section pageContent d-flex flex-wrap align-items-center rtl\">\n  <div class=\"container\">\n\t\t<div class=\"row\">\n\t\t\t<div class=\"col-12 col-xl-6 order-xl-2 offset-xl-1 ps-xl-0\">\n\t\t\t\t<figure class=\"mb-0 sider_image position-relative\">\n\t\t\t\t  <img decoding=\"async\" width=\"1446\" height=\"964\" src=\"https:\/\/eshoy.pe\/ruralia\/wp-content\/uploads\/sites\/2\/2023\/07\/DSC_1069-1446x964.jpg\" class=\"img-fit\" alt=\"\" loading=\"lazy\" srcset=\"https:\/\/eshoy.pe\/ruralia\/wp-content\/uploads\/sites\/2\/2023\/07\/DSC_1069-1446x964.jpg 1446w, https:\/\/eshoy.pe\/ruralia\/wp-content\/uploads\/sites\/2\/2023\/07\/DSC_1069-960x640.jpg 960w, https:\/\/eshoy.pe\/ruralia\/wp-content\/uploads\/sites\/2\/2023\/07\/DSC_1069-768x512.jpg 768w, https:\/\/eshoy.pe\/ruralia\/wp-content\/uploads\/sites\/2\/2023\/07\/DSC_1069-1536x1024.jpg 1536w, https:\/\/eshoy.pe\/ruralia\/wp-content\/uploads\/sites\/2\/2023\/07\/DSC_1069-2048x1365.jpg 2048w, https:\/\/eshoy.pe\/ruralia\/wp-content\/uploads\/sites\/2\/2023\/07\/DSC_1069-143x95.jpg 143w\" sizes=\"auto, (max-width: 1446px) 100vw, 1446px\" \/>\t\t\t\t  \t\t\t\t<\/figure>\n\t\t\t<\/div>\n\t\t\t<div class=\"col-12 col-xl-5 order-xl-1 position-relative d-flex flex-wrap align-items-center sider_content_wrapper\">\n\t\t\t\t<div class=\"sider_content py\" data-aos=\"fade-up\" data-aos-duration=\"800\">\n\t\t\t\t  <div class=\"lazyblock-inner-blocks\">\n\n<h3 class=\"wp-block-heading\"><strong>\u00bfQuienes participan?<\/strong><\/h3>\n\n\n\n<p>Acelera Ruralia est\u00e1 dirigido a las intervenciones ganadoras del Reto Ruralia con la finalidad de potenciar sus conocimientos y acelerar el escalamiento e impacto de cada una de las organizaciones en las zonas rurales donde se desarrollan las iniciativas.<\/p>\n\n<\/div>\n\t\t\t\t<\/div>\n\t\t\t<\/div>\n\t\t<\/div>\n\t<\/div>\n<\/section><\/div>\n\n<div class=\"lazyblock-seccion-Z25bPjG alignfull alignfull  wp-block-lazyblock-seccion\"><section class=\"position-relative py  bg-beige text-\">\n  <div class=\"container\">\n\t\t<div class=\"row\" data-aos=\"fade-up\" data-aos-duration=\"600\">\n\t\t  <div class=\"col-12\">\n\t\t    <div class=\"lazyblock-inner-blocks\">\n\n<h3 class=\"wp-block-heading has-text-align-center\"><strong>Intervenciones que culminaron Acelera Ruralia<\/strong><\/h3>\n\n\n\n<hr class=\"wp-block-separator has-alpha-channel-opacity is-style-dots\"\/>\n\n\n\n<div class=\"wp-block-columns is-layout-flex wp-container-core-columns-is-layout-9d6595d7 wp-block-columns-is-layout-flex\">\n<div class=\"wp-block-column is-layout-flow wp-block-column-is-layout-flow\"><div class=\"wp-block-image\">\n<figure class=\"aligncenter size-full is-resized\"><a href=\"https:\/\/eshoy.pe\/ruralia\/cree-rural-smartschool-movil\/\"><img loading=\"lazy\" decoding=\"async\" src=\"https:\/\/eshoy.pe\/ruralia\/wp-content\/uploads\/sites\/2\/2022\/10\/piezas2.png\" alt=\"\" class=\"wp-image-366\" width=\"375\" height=\"379\" srcset=\"https:\/\/eshoy.pe\/ruralia\/wp-content\/uploads\/sites\/2\/2022\/10\/piezas2.png 800w, https:\/\/eshoy.pe\/ruralia\/wp-content\/uploads\/sites\/2\/2022\/10\/piezas2-768x776.png 768w, https:\/\/eshoy.pe\/ruralia\/wp-content\/uploads\/sites\/2\/2022\/10\/piezas2-94x95.png 94w\" sizes=\"auto, (max-width: 375px) 100vw, 375px\" \/><\/a><\/figure>\n<\/div><\/div>\n\n\n\n<div class=\"wp-block-column is-layout-flow wp-block-column-is-layout-flow\"><div class=\"wp-block-image\">\n<figure class=\"aligncenter size-full is-resized\"><a href=\"https:\/\/eshoy.pe\/ruralia\/transformacion-y-trascendencia-para-los-centros-de-educacion-basica-alternativa-ceba-2\/\"><img loading=\"lazy\" decoding=\"async\" src=\"https:\/\/eshoy.pe\/ruralia\/wp-content\/uploads\/sites\/2\/2022\/10\/piezas1.png\" alt=\"\" class=\"wp-image-367\" width=\"384\" height=\"388\" srcset=\"https:\/\/eshoy.pe\/ruralia\/wp-content\/uploads\/sites\/2\/2022\/10\/piezas1.png 800w, https:\/\/eshoy.pe\/ruralia\/wp-content\/uploads\/sites\/2\/2022\/10\/piezas1-768x776.png 768w, https:\/\/eshoy.pe\/ruralia\/wp-content\/uploads\/sites\/2\/2022\/10\/piezas1-94x95.png 94w\" sizes=\"auto, (max-width: 384px) 100vw, 384px\" \/><\/a><\/figure>\n<\/div><\/div>\n<\/div>\n\n<\/div>\n\t\t  <\/div>\n\t\t<\/div>\n\t<\/div>\n<\/section><\/div>\n\n<div class=\"lazyblock-seccion-Z2nUWqM alignfull alignfull  wp-block-lazyblock-seccion\"><section class=\"position-relative py  bg-light text-\">\n  <div class=\"container\">\n\t\t<div class=\"row\" data-aos=\"fade-up\" data-aos-duration=\"600\">\n\t\t  <div class=\"col-12\">\n\t\t    <div class=\"lazyblock-inner-blocks\">\n\n<h3 class=\"wp-block-heading has-text-align-center\"><strong><mark style=\"background-color:rgba(0, 0, 0, 0)\" class=\"has-inline-color has-black-color\">Resultados Acelera Ruralia<\/mark><\/strong><\/h3>\n\n\n\n<hr class=\"wp-block-separator has-alpha-channel-opacity is-style-dots\"\/>\n\n\n\n<div class=\"wp-block-columns is-layout-flex wp-container-core-columns-is-layout-9d6595d7 wp-block-columns-is-layout-flex\">\n<div class=\"wp-block-column is-layout-flow wp-block-column-is-layout-flow\">\n<h2 class=\"wp-block-heading has-text-align-center\"><strong><mark style=\"background-color:rgba(0, 0, 0, 0)\" class=\"has-inline-color has-verde-color\">100% <\/mark><\/strong><\/h2>\n\n\n\n<h5 class=\"wp-block-heading has-text-align-center\"><strong>de los participantes<\/strong><\/h5>\n\n\n\n<p class=\"has-text-align-center\">recomiendan el programa<\/p>\n<\/div>\n\n\n\n<div class=\"wp-block-column is-layout-flow wp-block-column-is-layout-flow\">\n<h2 class=\"wp-block-heading has-text-align-center\"><strong><mark style=\"background-color:rgba(0, 0, 0, 0)\" class=\"has-inline-color has-amarillo-color\">100%<\/mark><\/strong><\/h2>\n\n\n\n<h5 class=\"wp-block-heading has-text-align-center\"><strong>considera que<\/strong><\/h5>\n\n\n\n<p class=\"has-text-align-center\">los objetivos del programa se cumplieron<\/p>\n<\/div>\n\n\n\n<div class=\"wp-block-column is-layout-flow wp-block-column-is-layout-flow\">\n<h2 class=\"wp-block-heading has-text-align-center\"><strong><mark style=\"background-color:rgba(0, 0, 0, 0)\" class=\"has-inline-color has-verde-color\">100%<\/mark><\/strong><\/h2>\n\n\n\n<h5 class=\"wp-block-heading has-text-align-center\"><strong>de satisfacci\u00f3n <\/strong><\/h5>\n\n\n\n<p class=\"has-text-align-center\">y aplicabilidad de las mentor\u00edas recibidas<\/p>\n<\/div>\n\n\n\n<div class=\"wp-block-column is-layout-flow wp-block-column-is-layout-flow\">\n<h2 class=\"wp-block-heading has-text-align-center\"><strong><mark style=\"background-color:rgba(0, 0, 0, 0)\" class=\"has-inline-color has-amarillo-color\">93%<\/mark><\/strong><\/h2>\n\n\n\n<h5 class=\"wp-block-heading has-text-align-center\"><strong>de relevancia<\/strong><\/h5>\n\n\n\n<p class=\"has-text-align-center\">del programa<\/p>\n<\/div>\n<\/div>\n\n<\/div>\n\t\t  <\/div>\n\t\t<\/div>\n\t<\/div>\n<\/section><\/div>\n\n<div class=\"lazyblock-seccion-Z2w1J9m alignfull alignfull  wp-block-lazyblock-seccion\"><section class=\"position-relative py  bg-beige text-\">\n  <div class=\"container\">\n\t\t<div class=\"row\" data-aos=\"fade-up\" data-aos-duration=\"600\">\n\t\t  <div class=\"col-12\">\n\t\t    <div class=\"lazyblock-inner-blocks\">\n\n<div class=\"wp-block-columns is-layout-flex wp-container-core-columns-is-layout-9d6595d7 wp-block-columns-is-layout-flex\">\n<div class=\"wp-block-column is-layout-flow wp-block-column-is-layout-flow\">\n<blockquote class=\"wp-block-quote has-text-align-center is-layout-flow wp-block-quote-is-layout-flow\">\n<p class=\"has-text-align-left\">\u00abAcelera nos ha permitido posicionarnos como el programa referente del Convenio Marco ante la comunidad de Espinar\u00bb<\/p>\n<cite>Antonio Valencia. Director de CREE <\/cite><\/blockquote>\n<\/div>\n\n\n\n<div class=\"wp-block-column is-layout-flow wp-block-column-is-layout-flow\">\n<blockquote class=\"wp-block-quote has-text-align-center is-layout-flow wp-block-quote-is-layout-flow\">\n<p class=\"has-text-align-left\">\u00abLa intervenci\u00f3n ahora se siente respaldada y con confianza para buscar mejores resultados y afrontar mayores desaf\u00edos\u201d<\/p>\n<cite>Lucy Vallejos, L\u00edder de GRANDES<\/cite><\/blockquote>\n<\/div>\n<\/div>\n\n<\/div>\n\t\t  <\/div>\n\t\t<\/div>\n\t<\/div>\n<\/section><\/div>","protected":false},"excerpt":{"rendered":"","protected":false},"author":1,"featured_media":100,"parent":0,"menu_order":0,"comment_status":"closed","ping_status":"closed","template":"","meta":{"footnotes":""},"class_list":["post-694","page","type-page","status-publish","has-post-thumbnail","hentry"],"acf":[],"_links":{"self":[{"href":"https:\/\/eshoy.pe\/ruralia\/wp-json\/wp\/v2\/pages\/694","targetHints":{"allow":["GET"]}}],"collection":[{"href":"https:\/\/eshoy.pe\/ruralia\/wp-json\/wp\/v2\/pages"}],"about":[{"href":"https:\/\/eshoy.pe\/ruralia\/wp-json\/wp\/v2\/types\/page"}],"author":[{"embeddable":true,"href":"https:\/\/eshoy.pe\/ruralia\/wp-json\/wp\/v2\/users\/1"}],"replies":[{"embeddable":true,"href":"https:\/\/eshoy.pe\/ruralia\/wp-json\/wp\/v2\/comments?post=694"}],"version-history":[{"count":10,"href":"https:\/\/eshoy.pe\/ruralia\/wp-json\/wp\/v2\/pages\/694\/revisions"}],"predecessor-version":[{"id":1126,"href":"https:\/\/eshoy.pe\/ruralia\/wp-json\/wp\/v2\/pages\/694\/revisions\/1126"}],"wp:featuredmedia":[{"embeddable":true,"href":"https:\/\/eshoy.pe\/ruralia\/wp-json\/wp\/v2\/media\/100"}],"wp:attachment":[{"href":"https:\/\/eshoy.pe\/ruralia\/wp-json\/wp\/v2\/media?parent=694"}],"curies":[{"name":"wp","href":"https:\/\/api.w.org\/{rel}","templated":true}]}}